f z?
7
Let i(o) = -2*o**3 - 11*o**2 - 5*o - 5. Suppose 8*c - 24 = 11*c. What is the hundreds digit of i(c)?
3
Suppose 0 = -2*p - 3*l + 10978, -23*p - 5*l + 10970 = -21*p. What is the hundreds digit of p?
4
Let x(k) = 5*k**2 - 61*k - 165. Let w(t) = -3*t**2 + 40*t + 110. Let o(y) = 8*w(y) + 5*x(y). What is the hundreds digit of o(-25)?
3
Let l(o) = 37*o**2 - 3*o + 5. Let x(d) = d**3 + 10*d**2 + 9*d - 4. Let r be x(-9). Let u be (r - -1) + 0 + 5. What is the tens digit of l(u)?
4
Suppose -40 = 5*v, -40*s + 45*s = -v + 217982. What is the tens digit of s?
9
What is the hundreds digit of 10220 + (-21)/(-5 - 2)?
2
Suppose 0 = 5*f + j - 63, 17*f - 15*f = -2*j + 22. Suppose 1024 = 2*w - 3*b, -w - f*b + 515 = -16*b. What is the hundreds digit of w?
5
Let q = -5 - -7. Suppose 0 = q*n - 726 + 144. Let j = n - 207. What is the units digit of j?
4
Let q(z) = 40*z - 116. Let a be q(3). Suppose -a*l + 2932 - 456 = 0. What is the units digit of l?
9
Suppose 21*p = 33542 + 67447. What is the thousands digit of p?
4
Let x(w) = -w**2 - 4*w. Let h be x(-5). Let t(c) = c**2 - 36*c - 71. Let a(m) = -18*m - 36. Let i(o) = h*a(o) + 2*t(o). What is the units digit of i(-10)?
8
Suppose -m - d = -13418, -29*d + 28*d - 53702 = -4*m. What is the tens digit of m?
2
Suppose 6*x + 8 = 2*x. Let c be 33*((-14)/6 - x). What is the units digit of (6/4)/(c/(-44))?
6
Let n = 73 - 37. Let z(t) = -16 + 127 + t - n + 99. What is the tens digit of z(0)?
7
Let j = -78270 - -109883. What is the hundreds digit of j?
6
Let i = 113311 + -46745. What is the hundreds digit of i?
5
Suppose -18*p = -374840 - 254584. What is the ten thousands digit of p?
3
Let i = -10439 + 14563. What is the thousands digit of i?
4
Suppose 3*z = 5*z + 8. Let u be (10/z)/(0 + (-2)/(-12)). What is the units digit of (-15)/(u/5) + 1?
6
Let w(u) = 1247*u - 201. Let z be w(6). Suppose -41*m + 27405 = -z. What is the tens digit of m?
4
Let q = -6539 + 24537. What is the thousands digit of q?
7
Let l = -15677 - -36106. What is the ten thousands digit of l?
2
Suppose -23340 = 8*s + 54*s - 552448. What is the tens digit of s?
3
Suppose 35*l - 101931 = 12*l + 265678. What is the tens digit of l?
8
Let w(p) = 10*p - 65. Let u(k) = -5*k + 33. Let z(r) = 5*u(r) + 3*w(r). Let v be z(7). Suppose -v*i = i - 282. What is the units digit of i?
7
Let n = 31440 + 14214. What is the ten thousands digit of n?
4
Let j(t) = 154*t**2 + 6*t - 27. What is the units digit of j(11)?
3
Let d(x) be the third derivative of 3*x**2 - 1/3*x**4 + 19/6*x**3 + 0*x + 0. What is the tens digit of d(-5)?
5
Suppose -5*z = i - 87, i = z - 5*z + 87. Suppose -4*r = 557 + i. Let s = -115 - r. What is the units digit of s?
6
Let q(d) = 399*d**3 + 2*d**2 - 9*d. What is the thousands digit of q(3)?
0
Suppose -3*d + 9 = 3*h, -5*d + 2*d + 4*h + 2 = 0. Let m be (-2 + 2)*(-5)/(-2 - 8). Suppose -2*z + 154 = q, z - q + d*q - 76 = m. What is the tens digit of z?
7
Let i(s) = 350*s + 1764. What is the units digit of i(17)?
4
Let l = -908 - -2255. What is the tens digit of l?
4
Suppose -5*h + 15 = 0, 7*n + 9433 = 9*n - 3*h. What is the thousands digit of n?
4
Suppose 3*n - 1077*b = -1080*b + 113070, -5*n + b = -188420. What is the thousands digit of n?
7
Let g be 30/36 + (-385)/(-42). What is the units digit of ((-8)/g)/(3*(-2)/3930)?
4
Let g(j) = -599*j + 582. What is the tens digit of g(-8)?
7
Let d be 5/((-15)/(-18)) - 4. Suppose 11*c = -22 + 77. Suppose 2*b - c*w - 3 - 70 = 0, 0 = -5*b - d*w + 110. What is the tens digit of b?
2
Let z = -23 - -43. Let n(o) = o**2 + 3*o - 4806. Let k be n(-71). Suppose k*u - z*u = 118. What is the units digit of u?
9
Let i = -244 - -248. Suppose 3*u + i*x + 723 = 2347, u - 520 = 4*x. What is the tens digit of u?
3
Let m(o) = -10*o**3 - 59*o**2 + 12*o + 38. What is the tens digit of m(-8)?
8
Suppose 2*v + m = 16, -3*v + 24 = -4*m - 0. Suppose -v*x + 5*x + 252 = 0. Suppose -4*d = 2*d - x. What is the units digit of d?
4
Suppose 4*k = 4*t - 696, -5*k - 210 - 144 = -2*t. Let c = -139 + t. What is the units digit of c?
3
Suppose -3*l - 4*u = -7*l + 2264, 2*u - 8 = 0. Suppose -l = -9*n + 312. What is the tens digit of ((-48)/14)/((-28)/n)?
1
Suppose 12903 + 9933 = 4*x + 8*x. What is the units digit of x?
3
Suppose -3*c - 15031 - 25490 = -3*m, -4*m + 54034 = -2*c. What is the ten thousands digit of m?
1
Let r(j) = -61*j - 180. Let w = -360 - -357. What is the units digit of r(w)?
3
Suppose -4*f - 92630 = -5*c, 18*c - 20*c - f = -37065. What is the hundreds digit of c?
5
Suppose 11*i = 8*i + 27. Let m(g) = -g + 12. Let x be m(i). Suppose -a - x*a + 2*j + 22 = 0, 5 = 5*a + 5*j. What is the units digit of a?
4
Let t = -19220 + 27192. What is the thousands digit of t?
7
Let p(m) = m**3 + 15*m**2 - 72*m + 231. What is the tens digit of p(20)?
9
Let g = -7412 + 17152. What is the hundreds digit of g?
7
What is the hundreds digit of 6/((-720)/(-337192)) - 1/(-15)?
8
Let k = 276699 - 184216. What is the ten thousands digit of k?
9
Let v = 362 + -366. Let x(u) = 19*u + 11. Let t(w) = 57*w + 32. Let g(d) = -3*t(d) + 8*x(d). What is the units digit of g(v)?
8
Let n(q) = -16*q - 1. Let y be n(-1). Suppose 4*z + a - 20 = 5*a, 4*z - 3*a = y. Let s(b) = b**3 + 14. What is the tens digit of s(z)?
1
Suppose -84*t = -339*t + 5200725. What is the tens digit of t?
9
Let p(g) = -4208*g - 2243. What is the tens digit of p(-4)?
8
Let h = 5915 + 5024. What is the thousands digit of h?
0
Let k = -739 + 5103. What is the hundreds digit of k?
3
Let f = 18429 + -10927. What is the units digit of f?
2
Let n(j) = -4*j**3 - 8*j**2 + 11*j + 127. Let t be n(-9). Let a = t - 1351. What is the tens digit of a?
4
What is the hundreds digit of 5 + (3172 - (-10 - -3)) + 4 + 2?
1
Let l be (132/(-20) - -3)/((-3)/20). Let t be 8/28 - l/(-14). What is the units digit of (-896)/(-70) - t/(-10)?
3
What is the units digit of -9 + 3945/30*4?
7
Let n(k) = 3*k**2 - 9 - k**2 + 5*k + 0*k**2 - 14. Let r be 0 - (0 - -36)/3. What is the units digit of n(r)?
5
Let b be (-1 - -2) + -6 + 191. Suppose 210 = 6*p - 4*p - 2*z, 2*p = -z + 225. Let o = b - p. What is the tens digit of o?
7
Suppose -12*b + 7*b + 20 = 0. What is the hundreds digit of (6 + 910/b)*2?
4
Let f(h) = 59*h**2 - 35*h - 98. What is the hundreds digit of f(-14)?
9
Let o(q) = 61*q - 12. Let z be o(9). Let t be (-8)/48*z*(-3 - -1). Suppose -5*n - 15 = 0, -4*r - 5*n = -t - 10. What is the tens digit of r?
5
Suppose -2*n + 1298*a - 1300*a = -48842, -122070 = -5*n + 2*a. What is the units digit of n?
6
Let v be 0/(5/(5 + -10)). Suppose -4*m + 0*m + 688 = v. What is the hundreds digit of m?
1
Suppose 654564 = 73*z - 1810646. What is the tens digit of z?
7
Suppose 0 = 12*t + 37*t - 305907. What is the hundreds digit of t?
2
Suppose 0 = 3*i + 2 - 14. Let n(v) = v**3 - 4*v**2 + v + 1. Let a be n(i). Suppose -5*x = 5*f + 59 - 634, x = -a*f + 127. What is the hundreds digit of x?
1
Let f(z) = -138*z + 2436. What is the tens digit of f(-37)?
4
Let m(h) be the first derivative of h**4/4 - h**3/3 + h**2/2 - 2*h - 4. Let x be m(1). What is the hundreds digit of (40 - x)/(5/15)?
1
Suppose 47*y + 2232 = 48*y + 3*o, -y + 6*o + 2268 = 0. What is the units digit of y?
4
Suppose 16*a = 4*r + 14*a - 15472, 5*r - 2*a = 19342. What is the tens digit of r?
7
Let h = 0 + 145. Let a(m) = -m**3 + 2*m**2 - m - 2. Let x be a(4). Let w = h + x. What is the hundreds digit of w?
1
Let b = 226 + -223. Suppose -b*p = -6, 4*p = 4*t + p - 126. What is the units digit of t?
3
Let y(k) = 61*k - 5. Let g = -108 + 136. Let p = 31 - g. What is the tens digit of y(p)?
7
Let d(o) = o**3 + 7*o**2 + 9*o. Let j = 16 - 21. Let y be d(j). Suppose 494 + 396 = y*l. What is the hundreds digit of l?
1
Let d(m) = 125*m + 3. Let i be d(1). Suppose -i*u - 745 = -133*u. What is the tens digit of u?
4
Let v = 436 - 296. Let y = -129 + v. Suppose y*x = 82 + 72. What is the tens digit of x?
1
Suppose 2*m + 3*a = 40210 + 30658, 3*m = -3*a + 106290. What is the hundreds digit of m?
4
Suppose 12*o - 151 = -6463. Let k = o - -1055. What is the tens digit of k?
2
Let u = 263 - 412. Suppose 4*d + 4*j - 1004 = 0, -2*d = 3*d + j - 1259. Let s = u + d. What is the units digit of s?
3
Let l(x) = 8*x - 8. Let k(d) = -d - 1. Let a(w) = 2*k(w) + l(w). Let o be a(3). Suppose 15*v - 525 = o*v. W